{"id":46,"date":"2017-11-22T12:51:16","date_gmt":"2017-11-22T11:51:16","guid":{"rendered":"http:\/\/www.ctyrlistekns.cz\/wp\/?page_id=46"},"modified":"2021-05-06T13:28:30","modified_gmt":"2021-05-06T11:28:30","slug":"kontakt","status":"publish","type":"page","link":"http:\/\/www.ctyrlistekns.cz\/wp\/kontakt\/","title":{"rendered":"Kontakt"},"content":{"rendered":"\t\t<div data-elementor-type=\"wp-post\" data-elementor-id=\"46\" class=\"elementor elementor-46 elementor-bc-flex-widget\">\n\t\t\t\t\t\t\t\t\t<section class=\"elementor-section elementor-top-section elementor-element elementor-element-9e1d3ad elementor-section-boxed elementor-section-height-default elementor-section-height-default\" data-id=\"9e1d3ad\" data-element_type=\"section\">\n\t\t\t\t\t\t<div class=\"elementor-container elementor-column-gap-default\">\n\t\t\t\t\t<div class=\"elementor-column elementor-col-100 elementor-top-column elementor-element elementor-element-992336c\" data-id=\"992336c\" data-element_type=\"column\">\n\t\t\t<div class=\"elementor-widget-wrap elementor-element-populated\">\n\t\t\t\t\t\t\t\t<section class=\"elementor-section elementor-inner-section elementor-element elementor-element-c10dc28 elementor-section-boxed elementor-section-height-default elementor-section-height-default\" data-id=\"c10dc28\" data-element_type=\"section\">\n\t\t\t\t\t\t<div class=\"elementor-container elementor-column-gap-default\">\n\t\t\t\t\t<div class=\"elementor-column elementor-col-50 elementor-inner-column elementor-element elementor-element-ac6776e\" data-id=\"ac6776e\" data-element_type=\"column\">\n\t\t\t<div class=\"elementor-widget-wrap elementor-element-populated\">\n\t\t\t\t\t\t\t\t<div class=\"elementor-element elementor-element-7384965 elementor-widget elementor-widget-text-editor\" data-id=\"7384965\" data-element_type=\"widget\" data-widget_type=\"text-editor.default\">\n\t\t\t\t<div class=\"elementor-widget-container\">\n\t\t\t<style>\/*! elementor - v3.17.0 - 25-10-2023 *\/\n.elementor-widget-text-editor.elementor-drop-cap-view-stacked .elementor-drop-cap{background-color:#69727d;color:#fff}.elementor-widget-text-editor.elementor-drop-cap-view-framed .elementor-drop-cap{color:#69727d;border:3px solid;background-color:transparent}.elementor-widget-text-editor:not(.elementor-drop-cap-view-default) .elementor-drop-cap{margin-top:8px}.elementor-widget-text-editor:not(.elementor-drop-cap-view-default) .elementor-drop-cap-letter{width:1em;height:1em}.elementor-widget-text-editor .elementor-drop-cap{float:left;text-align:center;line-height:1;font-size:50px}.elementor-widget-text-editor .elementor-drop-cap-letter{display:inline-block}<\/style>\t\t\t\t<p style=\"font-size: 13px;\"><u style=\"font-size: 13px;\"><span style=\"font-weight: bold; font-size: 13px;\">Kontakt:<br \/><\/span><\/u>SLPT \u010cty\u0159l\u00edstek, Gymn\u00e1zium J.A.Komensk\u00e9ho<br \/>Komensk\u00e9ho n\u00e1m\u011bst\u00ed 209<br \/>271&nbsp;01 Nov\u00e9 Stra\u0161ec\u00ed<\/p><p style=\"font-size: 13px;\">Mgr. Tereza Mlyna\u0159\u00edkov\u00e1<br \/><span style=\"font-size: 13px;\">e-mail: mikovcovatereza@seznam.cz<\/span><\/p><p style=\"font-size: 13px;\"><span style=\"font-size: 13px;\">\u010d\u00edslo bankovn\u00edho \u00fa\u010dtu souboru: 3553206379\/0800<\/span><\/p><p style=\"font-size: 13px;\">I\u010cO: 26641356<\/p>\t\t\t\t\t\t<\/div>\n\t\t\t\t<\/div>\n\t\t\t\t\t<\/div>\n\t\t<\/div>\n\t\t\t\t<div class=\"elementor-column elementor-col-50 elementor-inner-column elementor-element elementor-element-6df302f\" data-id=\"6df302f\" data-element_type=\"column\">\n\t\t\t<div class=\"elementor-widget-wrap elementor-element-populated\">\n\t\t\t\t\t\t\t\t<div class=\"elementor-element elementor-element-14e1661 elementor-widget elementor-widget-text-editor\" data-id=\"14e1661\" data-element_type=\"widget\" data-widget_type=\"text-editor.default\">\n\t\t\t\t<div class=\"elementor-widget-container\">\n\t\t\t\t\t\t\t<p><u><b>Sp\u0159\u00e1telen\u00e9 odkazy:<\/b><\/u><\/p><p><a href=\"http:\/\/www.tuchlovickapout.cz\/\" target=\"_blank\" rel=\"noopener\">tuchlovickapout.cz<\/a>\u00a0St\u0159edo\u010desk\u00fd folklorn\u00ed festival Tuchlovick\u00e1 pou\u0165, kter\u00fd soubor organizuje.\u00a0<\/p><p><a href=\"http:\/\/yavannaa.blog.cz\/\" target=\"_blank\" rel=\"noopener\">yavannaa.blog.cz<\/a>\u00a0Blog Zuzky \u0160., kter\u00e1 p\u00ed\u0161e o na\u0161ich z\u00e1\u017eitc\u00edch z&nbsp;vystoupen\u00ed.<\/p><p><a href=\"https:\/\/www.youtube.com\/user\/ctyrlistekns\" target=\"_blank\" rel=\"noopener\">YouTube<\/a>\u00a0Kan\u00e1l s&nbsp;n\u011bkolika m\u00e1lo vystoupen\u00edmi.<\/p><p><a href=\"https:\/\/www.facebook.com\/groups\/329007315695\/\" target=\"_blank\" rel=\"noopener\">Facebook\u00a0<\/a>Na\u0161e Facebookov\u00e1 skupina.<\/p>\t\t\t\t\t\t<\/div>\n\t\t\t\t<\/div>\n\t\t\t\t\t<\/div>\n\t\t<\/div>\n\t\t\t\t\t\t\t<\/div>\n\t\t<\/section>\n\t\t\t\t\t<\/div>\n\t\t<\/div>\n\t\t\t\t\t\t\t<\/div>\n\t\t<\/section>\n\t\t\t\t\t\t\t<\/div>\n\t\t","protected":false},"excerpt":{"rendered":"<p>Kontakt:SLPT \u010cty\u0159l\u00edstek, Gymn\u00e1zium J.A.Komensk\u00e9hoKomensk\u00e9ho n\u00e1m\u011bst\u00ed 209271&nbsp;01 Nov\u00e9 Stra\u0161ec\u00ed Mgr. Tereza Mlyna\u0159\u00edkov\u00e1e-mail: mikovcovatereza@seznam.cz \u010d\u00edslo bankovn\u00edho \u00fa\u010dtu souboru: 3553206379\/0800 I\u010cO: 26641356 Sp\u0159\u00e1telen\u00e9 odkazy: tuchlovickapout.cz\u00a0St\u0159edo\u010desk\u00fd folklorn\u00ed festival Tuchlovick\u00e1&hellip;<\/p>\n","protected":false},"author":1,"featured_media":0,"parent":0,"menu_order":0,"comment_status":"closed","ping_status":"closed","template":"","meta":{"footnotes":""},"yoast_head":"<!-- This site is optimized with the Yoast SEO plugin v22.0 - https:\/\/yoast.com\/wordpress\/plugins\/seo\/ -->\n<title>Kontakt - \u010cty\u0159l\u00edstek<\/title>\n<meta name=\"robots\" content=\"index, follow, max-snippet:-1, max-image-preview:large, max-video-preview:-1\" \/>\n<link rel=\"canonical\" href=\"http:\/\/www.ctyrlistekns.cz\/wp\/kontakt\/\" \/>\n<meta property=\"og:locale\" content=\"cs_CZ\" \/>\n<meta property=\"og:type\" content=\"article\" \/>\n<meta property=\"og:title\" content=\"Kontakt - \u010cty\u0159l\u00edstek\" \/>\n<meta property=\"og:description\" content=\"Kontakt:SLPT \u010cty\u0159l\u00edstek, Gymn\u00e1zium J.A.Komensk\u00e9hoKomensk\u00e9ho n\u00e1m\u011bst\u00ed 209271&nbsp;01 Nov\u00e9 Stra\u0161ec\u00ed Mgr. Tereza Mlyna\u0159\u00edkov\u00e1e-mail: mikovcovatereza@seznam.cz \u010d\u00edslo bankovn\u00edho \u00fa\u010dtu souboru: 3553206379\/0800 I\u010cO: 26641356 Sp\u0159\u00e1telen\u00e9 odkazy: tuchlovickapout.cz\u00a0St\u0159edo\u010desk\u00fd folklorn\u00ed festival Tuchlovick\u00e1&hellip;\" \/>\n<meta property=\"og:url\" content=\"http:\/\/www.ctyrlistekns.cz\/wp\/kontakt\/\" \/>\n<meta property=\"og:site_name\" content=\"\u010cty\u0159l\u00edstek\" \/>\n<meta property=\"article:modified_time\" content=\"2021-05-06T11:28:30+00:00\" \/>\n<meta name=\"twitter:card\" content=\"summary_large_image\" \/>\n<script type=\"application\/ld+json\" class=\"yoast-schema-graph\">{\"@context\":\"https:\/\/schema.org\",\"@graph\":[{\"@type\":\"WebPage\",\"@id\":\"http:\/\/www.ctyrlistekns.cz\/wp\/kontakt\/\",\"url\":\"http:\/\/www.ctyrlistekns.cz\/wp\/kontakt\/\",\"name\":\"Kontakt - \u010cty\u0159l\u00edstek\",\"isPartOf\":{\"@id\":\"http:\/\/www.ctyrlistekns.cz\/wp\/#website\"},\"datePublished\":\"2017-11-22T11:51:16+00:00\",\"dateModified\":\"2021-05-06T11:28:30+00:00\",\"breadcrumb\":{\"@id\":\"http:\/\/www.ctyrlistekns.cz\/wp\/kontakt\/#breadcrumb\"},\"inLanguage\":\"cs\",\"potentialAction\":[{\"@type\":\"ReadAction\",\"target\":[\"http:\/\/www.ctyrlistekns.cz\/wp\/kontakt\/\"]}]},{\"@type\":\"BreadcrumbList\",\"@id\":\"http:\/\/www.ctyrlistekns.cz\/wp\/kontakt\/#breadcrumb\",\"itemListElement\":[{\"@type\":\"ListItem\",\"position\":1,\"name\":\"Dom\u016f\",\"item\":\"http:\/\/www.ctyrlistekns.cz\/wp\/\"},{\"@type\":\"ListItem\",\"position\":2,\"name\":\"Kontakt\"}]},{\"@type\":\"WebSite\",\"@id\":\"http:\/\/www.ctyrlistekns.cz\/wp\/#website\",\"url\":\"http:\/\/www.ctyrlistekns.cz\/wp\/\",\"name\":\"\u010cty\u0159l\u00edstek\",\"description\":\"Folklorn\u00ed soubor z Nov\u00e9ho Stra\u0161ec\u00ed\",\"potentialAction\":[{\"@type\":\"SearchAction\",\"target\":{\"@type\":\"EntryPoint\",\"urlTemplate\":\"http:\/\/www.ctyrlistekns.cz\/wp\/?s={search_term_string}\"},\"query-input\":\"required name=search_term_string\"}],\"inLanguage\":\"cs\"}]}<\/script>\n<!-- \/ Yoast SEO plugin. -->","yoast_head_json":{"title":"Kontakt - \u010cty\u0159l\u00edstek","robots":{"index":"index","follow":"follow","max-snippet":"max-snippet:-1","max-image-preview":"max-image-preview:large","max-video-preview":"max-video-preview:-1"},"canonical":"http:\/\/www.ctyrlistekns.cz\/wp\/kontakt\/","og_locale":"cs_CZ","og_type":"article","og_title":"Kontakt - \u010cty\u0159l\u00edstek","og_description":"Kontakt:SLPT \u010cty\u0159l\u00edstek, Gymn\u00e1zium J.A.Komensk\u00e9hoKomensk\u00e9ho n\u00e1m\u011bst\u00ed 209271&nbsp;01 Nov\u00e9 Stra\u0161ec\u00ed Mgr. Tereza Mlyna\u0159\u00edkov\u00e1e-mail: mikovcovatereza@seznam.cz \u010d\u00edslo bankovn\u00edho \u00fa\u010dtu souboru: 3553206379\/0800 I\u010cO: 26641356 Sp\u0159\u00e1telen\u00e9 odkazy: tuchlovickapout.cz\u00a0St\u0159edo\u010desk\u00fd folklorn\u00ed festival Tuchlovick\u00e1&hellip;","og_url":"http:\/\/www.ctyrlistekns.cz\/wp\/kontakt\/","og_site_name":"\u010cty\u0159l\u00edstek","article_modified_time":"2021-05-06T11:28:30+00:00","twitter_card":"summary_large_image","schema":{"@context":"https:\/\/schema.org","@graph":[{"@type":"WebPage","@id":"http:\/\/www.ctyrlistekns.cz\/wp\/kontakt\/","url":"http:\/\/www.ctyrlistekns.cz\/wp\/kontakt\/","name":"Kontakt - \u010cty\u0159l\u00edstek","isPartOf":{"@id":"http:\/\/www.ctyrlistekns.cz\/wp\/#website"},"datePublished":"2017-11-22T11:51:16+00:00","dateModified":"2021-05-06T11:28:30+00:00","breadcrumb":{"@id":"http:\/\/www.ctyrlistekns.cz\/wp\/kontakt\/#breadcrumb"},"inLanguage":"cs","potentialAction":[{"@type":"ReadAction","target":["http:\/\/www.ctyrlistekns.cz\/wp\/kontakt\/"]}]},{"@type":"BreadcrumbList","@id":"http:\/\/www.ctyrlistekns.cz\/wp\/kontakt\/#breadcrumb","itemListElement":[{"@type":"ListItem","position":1,"name":"Dom\u016f","item":"http:\/\/www.ctyrlistekns.cz\/wp\/"},{"@type":"ListItem","position":2,"name":"Kontakt"}]},{"@type":"WebSite","@id":"http:\/\/www.ctyrlistekns.cz\/wp\/#website","url":"http:\/\/www.ctyrlistekns.cz\/wp\/","name":"\u010cty\u0159l\u00edstek","description":"Folklorn\u00ed soubor z Nov\u00e9ho Stra\u0161ec\u00ed","potentialAction":[{"@type":"SearchAction","target":{"@type":"EntryPoint","urlTemplate":"http:\/\/www.ctyrlistekns.cz\/wp\/?s={search_term_string}"},"query-input":"required name=search_term_string"}],"inLanguage":"cs"}]}},"_links":{"self":[{"href":"http:\/\/www.ctyrlistekns.cz\/wp\/wp-json\/wp\/v2\/pages\/46"}],"collection":[{"href":"http:\/\/www.ctyrlistekns.cz\/wp\/wp-json\/wp\/v2\/pages"}],"about":[{"href":"http:\/\/www.ctyrlistekns.cz\/wp\/wp-json\/wp\/v2\/types\/page"}],"author":[{"embeddable":true,"href":"http:\/\/www.ctyrlistekns.cz\/wp\/wp-json\/wp\/v2\/users\/1"}],"replies":[{"embeddable":true,"href":"http:\/\/www.ctyrlistekns.cz\/wp\/wp-json\/wp\/v2\/comments?post=46"}],"version-history":[{"count":14,"href":"http:\/\/www.ctyrlistekns.cz\/wp\/wp-json\/wp\/v2\/pages\/46\/revisions"}],"predecessor-version":[{"id":541,"href":"http:\/\/www.ctyrlistekns.cz\/wp\/wp-json\/wp\/v2\/pages\/46\/revisions\/541"}],"wp:attachment":[{"href":"http:\/\/www.ctyrlistekns.cz\/wp\/wp-json\/wp\/v2\/media?parent=46"}],"curies":[{"name":"wp","href":"https:\/\/api.w.org\/{rel}","templated":true}]}}

<div data-elementor-type="wp-post" data-elementor-id="46" class="elementor elementor-46 elementor-bc-flex-widget">
									<section class="elementor-section elementor-top-section elementor-element elementor-element-9e1d3ad elementor-section-boxed elementor-section-height-default elementor-section-height-default" data-id="9e1d3ad" data-element_type="section">
						<div class="elementor-container elementor-column-gap-default">
					<div class="elementor-column elementor-col-100 elementor-top-column elementor-element elementor-element-992336c" data-id="992336c" data-element_type="column">
			<div class="elementor-widget-wrap elementor-element-populated">
								<section class="elementor-section elementor-inner-section elementor-element elementor-element-c10dc28 elementor-section-boxed elementor-section-height-default elementor-section-height-default" data-id="c10dc28" data-element_type="section">
						<div class="elementor-container elementor-column-gap-default">
					<div class="elementor-column elementor-col-50 elementor-inner-column elementor-element elementor-element-ac6776e" data-id="ac6776e" data-element_type="column">
			<div class="elementor-widget-wrap elementor-element-populated">
								<div class="elementor-element elementor-element-7384965 elementor-widget elementor-widget-text-editor" data-id="7384965" data-element_type="widget" data-widget_type="text-editor.default">
				<div class="elementor-widget-container">
			<style>/*! elementor - v3.17.0 - 25-10-2023 */
.elementor-widget-text-editor.elementor-drop-cap-view-stacked .elementor-drop-cap{background-color:#69727d;color:#fff}.elementor-widget-text-editor.elementor-drop-cap-view-framed .elementor-drop-cap{color:#69727d;border:3px solid;background-color:transparent}.elementor-widget-text-editor:not(.elementor-drop-cap-view-default) .elementor-drop-cap{margin-top:8px}.elementor-widget-text-editor:not(.elementor-drop-cap-view-default) .elementor-drop-cap-letter{width:1em;height:1em}.elementor-widget-text-editor .elementor-drop-cap{float:left;text-align:center;line-height:1;font-size:50px}.elementor-widget-text-editor .elementor-drop-cap-letter{display:inline-block}</style>				<p style="font-size: 13px;"><u style="font-size: 13px;"><span style="font-weight: bold; font-size: 13px;">Kontakt:<br /></span></u>SLPT Čtyřlístek, Gymnázium J.A.Komenského<br />Komenského náměstí 209<br />271&nbsp;01 Nové Strašecí</p><p style="font-size: 13px;">Mgr. Tereza Mlynaříková<br /><span style="font-size: 13px;">e-mail: mikovcovatereza@seznam.cz</span></p><p style="font-size: 13px;"><span style="font-size: 13px;">číslo bankovního účtu souboru: 3553206379/0800</span></p><p style="font-size: 13px;">IČO: 26641356</p>						</div>
				</div>
					</div>
		</div>
				<div class="elementor-column elementor-col-50 elementor-inner-column elementor-element elementor-element-6df302f" data-id="6df302f" data-element_type="column">
			<div class="elementor-widget-wrap elementor-element-populated">
								<div class="elementor-element elementor-element-14e1661 elementor-widget elementor-widget-text-editor" data-id="14e1661" data-element_type="widget" data-widget_type="text-editor.default">
				<div class="elementor-widget-container">
							<p><u><b>Spřátelené odkazy:</b></u></p><p><a href="http://www.tuchlovickapout.cz/" target="_blank" rel="noopener">tuchlovickapout.cz</a> Středočeský folklorní festival Tuchlovická pouť, který soubor organizuje. </p><p><a href="http://yavannaa.blog.cz/" target="_blank" rel="noopener">yavannaa.blog.cz</a> Blog Zuzky Š., která píše o našich zážitcích z&nbsp;vystoupení.</p><p><a href="https://www.youtube.com/user/ctyrlistekns" target="_blank" rel="noopener">YouTube</a> Kanál s&nbsp;několika málo vystoupeními.</p><p><a href="https://www.facebook.com/groups/329007315695/" target="_blank" rel="noopener">Facebook </a>Naše Facebooková skupina.</p>						</div>
				</div>
					</div>
		</div>
							</div>
		</section>
					</div>
		</div>
							</div>
		</section>
							</div>

<p>Kontakt:SLPT Čtyřlístek, Gymnázium J.A.KomenskéhoKomenského náměstí 209271&nbsp;01 Nové Strašecí Mgr. Tereza Mlynaříkováe-mail: mikovcovatereza@seznam.cz číslo bankovního účtu souboru: 3553206379/0800 IČO: 26641356 Spřátelené odkazy: tuchlovickapout.cz Středočeský folklorní festival Tuchlovická&hellip;</p>

<!-- This site is optimized with the Yoast SEO plugin v22.0 - https://yoast.com/wordpress/plugins/seo/ -->
<title>Kontakt - Čtyřlístek</title>
<meta name="robots" content="index, follow, max-snippet:-1, max-image-preview:large, max-video-preview:-1" />
<link rel="canonical" href="http://www.ctyrlistekns.cz/wp/kontakt/" />
<meta property="og:locale" content="cs_CZ" />
<meta property="og:type" content="article" />
<meta property="og:title" content="Kontakt - Čtyřlístek" />
<meta property="og:description" content="Kontakt:SLPT Čtyřlístek, Gymnázium J.A.KomenskéhoKomenského náměstí 209271&nbsp;01 Nové Strašecí Mgr. Tereza Mlynaříkováe-mail: mikovcovatereza@seznam.cz číslo bankovního účtu souboru: 3553206379/0800 IČO: 26641356 Spřátelené odkazy: tuchlovickapout.cz Středočeský folklorní festival Tuchlovická&hellip;" />
<meta property="og:url" content="http://www.ctyrlistekns.cz/wp/kontakt/" />
<meta property="og:site_name" content="Čtyřlístek" />
<meta property="article:modified_time" content="2021-05-06T11:28:30+00:00" />
<meta name="twitter:card" content="summary_large_image" />
<script type="application/ld+json" class="yoast-schema-graph">{"@context":"https://schema.org","@graph":[{"@type":"WebPage","@id":"http://www.ctyrlistekns.cz/wp/kontakt/","url":"http://www.ctyrlistekns.cz/wp/kontakt/","name":"Kontakt - Čtyřlístek","isPartOf":{"@id":"http://www.ctyrlistekns.cz/wp/#website"},"datePublished":"2017-11-22T11:51:16+00:00","dateModified":"2021-05-06T11:28:30+00:00","breadcrumb":{"@id":"http://www.ctyrlistekns.cz/wp/kontakt/#breadcrumb"},"inLanguage":"cs","potentialAction":[{"@type":"ReadAction","target":["http://www.ctyrlistekns.cz/wp/kontakt/"]}]},{"@type":"BreadcrumbList","@id":"http://www.ctyrlistekns.cz/wp/kontakt/#breadcrumb","itemListElement":[{"@type":"ListItem","position":1,"name":"Domů","item":"http://www.ctyrlistekns.cz/wp/"},{"@type":"ListItem","position":2,"name":"Kontakt"}]},{"@type":"WebSite","@id":"http://www.ctyrlistekns.cz/wp/#website","url":"http://www.ctyrlistekns.cz/wp/","name":"Čtyřlístek","description":"Folklorní soubor z Nového Strašecí","potentialAction":[{"@type":"SearchAction","target":{"@type":"EntryPoint","urlTemplate":"http://www.ctyrlistekns.cz/wp/?s={search_term_string}"},"query-input":"required name=search_term_string"}],"inLanguage":"cs"}]}</script>
<!-- / Yoast SEO plugin. -->

Kontakt - Čtyřlístek

Kontakt:SLPT Čtyřlístek, Gymnázium J.A.KomenskéhoKomenského náměstí 209271&nbsp;01 Nové Strašecí Mgr. Tereza Mlynaříkováe-mail: mikovcovatereza@seznam.cz číslo bankovního účtu souboru: 3553206379/0800 IČO: 26641356 Spřátelené odkazy: tuchlovickapout.cz Středočeský folklorní festival Tuchlovická&hellip;

Čtyřlístek

Domů

Folklorní soubor z Nového Strašecí
